4*j + 45338 = 3*x, -5*j + n = -x - 4*x. Is j a prime number?
False
Let f be 10/(-40)*-212348*(-1 - -6). Suppose -2*j + 106174 = 5*q, f = 5*j + 5*q - 3*q. Is j composite?
False
Suppose 2*y + 2*y - 4*s - 239340 = 0, -2*y + 5*s = -119664. Is y composite?
True
Suppose -f = -t + 5137, -2*f - 5*t - 12183 = -1874. Is 1*(7 - 8 - f) prime?
False
Let i = -554 + 592. Suppose i*s - 40*s = -9538. Is s a prime number?
False
Let q(g) = 3*g**2 + 27*g + 13. Suppose -2*x - 3*h = 49, -4*x - 2*h - 92 = 2*h. Is q(x) a composite number?
False
Let x(y) = -y**2 - 17*y - 66. Let t be x(-6). Let c be 5*4/40*6. Suppose c*q - 5*z = 4126, 2*q - 5*z + 10*z - 2784 = t. Is q prime?
False
Let k = -221268 + 396797. Is k composite?
True
Suppose -4*k = 2*g - 10, -14*k + 5 = -10*k + 3*g. Suppose 8*o - 11*o - 1963 = -4*v, -v = -k*o - 478. Is v composite?
True
Let g be 6/(-15)*5 - 2330. Let c = 16957 - g. Is c a prime number?
True
Suppose -f - 296627 = -x, -1186508 = 4*x - 8*x - 2*f. Is x a composite number?
False
Suppose 0 = -5*l + 2*l + 6. Let i(z) = 3*z**l + 1 - 21*z**3 - 15*z**3 + 34*z**3. Is i(-8) a prime number?
True
Let u(k) = -301*k**2 - 25*k - 9. Let f be u(-7). Is f*(7/(-3))/7 composite?
False
Suppose 4*d + m = 2743, -4*d = -53*m + 49*m - 2768. Let r be (-2)/(-4) - 1602/4. Let g = d + r. Is g a composite number?
True
Let w be 50502/19*(-10)/(-4). Let c = w + -3748. Is c a prime number?
True
Suppose 6232443 - 4467011 = 47*t - 6511503. Is t a composite number?
True
Let s(v) = -182*v**3 - 13*v**2 - 4*v + 6. Let d be s(-5). Suppose -5629 = -w - 4*y, 3*w + 3*y = -w + d. Is w a composite number?
True
Suppose 72 - 52 = -5*h, -2*h + 15123 = w. Is w prime?
True
Let l = -138315 + 228760. Is l a prime number?
False
Let q(x) = -164*x. Let b be q(12). Let f = -1949 - -5748. Let p = f + b. Is p a prime number?
True
Suppose -30045415 = 258*w - 299*w. Is w composite?
True
Suppose 3*b - 2*f - 9378 + 301 = 0, 9085 = 3*b + 2*f. Suppose 3*i = 2943 + b. Suppose -9*u = u - i. Is u a composite number?
False
Suppose -3*s = y - s + 1024, 0 = 3*y - s + 3107. Suppose 4*k = -3*u - 1764 + 3, -2*k - 1761 = 3*u. Let q = u - y. Is q prime?
False
Suppose 0 = 2*l + d - 2142821, -25 = 18*d - 13*d. Is l prime?
False
Let i(p) = -p**2 + 6*p - 2. Let k be i(5). Suppose -4*b - 3*q = -17, -k*b + b + 6 = 4*q. Is (9 - b)*((-5049)/(-12) + -1) a composite number?
True
Suppose -3*q + 1119833 = 5*x, 48*q - 46*q - 746556 = -3*x. Is q a prime number?
False
Let d = 362 + -357. Suppose 3*c = -d*z + 941 + 4039, 3*c = -4*z + 3987. Is z prime?
False
Let q(b) = -2013*b - 1654. Is q(-85) prime?
False
Suppose -2*g = 5*w - 23586 - 191309, -3*w + 128906 = -5*g. Is w prime?
False
Let j = -200 - -204. Suppose -3*s - s = j*q - 852, s = 2*q + 207. Is s a prime number?
True
Let a(h) = 1781*h**2 - 2*h - 171. Is a(14) prime?
False
Let m(c) be the first derivative of -67 - 49*c + 12 + 25 + 37*c**2. Is m(27) a prime number?
True
Let i be 18145460/180 + 2/(-18). Is (4/8)/(4/i) composite?
False
Let n(u) = -135*u + 5054. Is n(-73) a prime number?
False
Let o(a) = 49*a**2 - 120*a + 260. Is o(69) prime?
False
Suppose 0 = 5*l - 9 - 6. Suppose -3*t - 15 = 0, l*g + t + 1847 - 414 = 0. Let u = g + 885. Is u prime?
True
Is 753/2*(96140/66 + 12) a prime number?
False
Suppose 229*q - 255*q = -1635322. Is q a composite number?
False
Suppose 5*g - 718772 = 1653053. Is g prime?
False
Suppose 2*c = 2*b + 330880, -c - 100*b + 165434 = -95*b. Is c composite?
True
Let d(v) = v**3 - 14*v**2 - 16*v + 17. Let c be d(15). Suppose 3*i = -i + c*i. Suppose i = -5*a - 3*a + 4008. Is a a prime number?
False
Suppose -70*f - 35*f + 2003375 = 148130. Is f a composite number?
False
Suppose -2*u + 8*u - 36 = 0. Suppose 2*d - 3*d + p + u = 0, -p = -5*d + 18. Suppose -d*s = 5*r - 2045, -r = 4*r + 4*s - 2045. Is r a prime number?
True
Suppose r = -4*k + 487531, 2*k + 41*r = 37*r + 243762. Is k composite?
False
Is (3840/20)/(-12) - -818109 a prime number?
True
Let t be (-4*(-42)/(-49))/((-1)/35). Suppose -t*r = -97*r - 416047. Is r composite?
False
Let x(h) = -h**3 + 27*h**2 + 23*h - 8. Let p be x(28). Let v = p + 213. Is v a composite number?
True
Let b(s) = -s**3 - 41*s**2 + 159*s - 71. Is b(-50) prime?
True
Is -7 + (161/(-21))/((-5)/11670) prime?
False
Let b(u) = 2152*u**2 + 36*u + 96. Let f(s) = -4305*s**2 - 75*s - 193. Let w(d) = 5*b(d) + 2*f(d). Is w(-3) a composite number?
True
Let t = 56 + -105. Let n = t + 54. Let d = n - -1. Is d a composite number?
True
Suppose -7*t + 9*t = h - 47, 4*h = 3*t + 183. Suppose -40*u = -h*u + 30585. Is u prime?
False
Suppose 24 = i + 20. Suppose -43375 = -3*p + 4*h, -i*h + 12389 = p - 2080. Is p composite?
False
Let r = 12720 - 5429. Is r composite?
True
Let b(w) = 27*w + 234. Let n be b(-9). Is (-15)/n*(-79347)/(-5) prime?
True
Let t(u) = 13*u + 275. Let f be t(-19). Suppose -12*d + f*d = 152912. Is d a composite number?
True
Let i(x) = 130 - 133 - 3*x - 5*x**2 - 4*x + 26*x**3. Let o be i(-3). Let p = 1220 - o. Is p composite?
False
Let s = -10926 + 16410. Let b = s + 155. Is b prime?
True
Let z = 666180 + -148111. Is z a composite number?
True
Suppose -4 = 4*f - 8. Let r be f/((-9)/(-6) - 24/18). Suppose 364 + 134 = r*a. Is a a prime number?
True
Let l(x) = -x**3 - 5*x**2 - 12*x - 54. Let g be l(-5). Is 3/g*(1354 + 4) prime?
False
Suppose 13*g - 157187 = -26*g + 203134. Is g prime?
True
Suppose -42*v - 126 = -48*v. Suppose 0 = 8*k + v*k - 798283. Is k prime?
True
Let l(r) = 683*r**3 - 4*r**2 + 2*r + 1. Let n be l(1). Let p = n + -481. Is p a composite number?
True
Suppose 84*c - 78*c = 39810. Let r = c - -2042. Is r composite?
False
Suppose r - 149930 = -4*b, 49*r - 112445 = -3*b + 47*r. Is b a composite number?
False
Let l = -211 - -966. Let q = l + -282. Is q a prime number?
False
Let y(d) = 10*d - 9*d + 61 + 14*d. Is y(18) prime?
True
Let x(b) = 45*b**2 + 25*b - 27. Let t(d) = -22*d**2 - 12*d + 14. Let f(y) = -7*t(y) - 3*x(y). Is f(12) a prime number?
False
Let n be ((-28)/9)/((-2)/54*6). Suppose -n = -3*d - 23, 0 = 4*r + 3*d - 43039. Is r a prime number?
False
Suppose 2435887 = -52*m + 2985816 + 8315915. Is m a prime number?
True
Let s(x) = 78*x**2 + 20*x + 72. Let k be s(-6). Suppose -4*i = 4*b - k, 3*i + 7*b = 5*b + 2071. Is i a composite number?
False
Suppose 16101 + 5774 = 7*t + 616. Is t a composite number?
False
Let s(l) = l**2 + l + 2. Let i be s(-5). Suppose -4*h = -5*v + i, 3 = -5*h - 12. Suppose d = -2, d + 3*d - 1430 = -v*o. Is o a composite number?
False
Let n be 25/(-30) - (-23)/6. Suppose -l - 119729 = -4*g, -n*l + 119741 = 2*g + 2*g. Is g a prime number?
False
Suppose -4*c = -x + 17420 - 3293, 0 = 3*x + 3*c - 42366. Is x composite?
True
Suppose -23*i + 862016 + 138231 = 0. Is i a prime number?
False
Let k(l) = 2*l**2 - 2*l. Let n be k(2). Suppose 2*t = -r + 3446, -5*t + 10662 = -5*r + 2092. Suppose 0 = -n*h + t + 492. Is h prime?
False
Suppose 5*b - 2*t - 21009 = 0, -2*b + 8222 = -3*t - 186. Is b composite?
False
Let h(c) = 41*c**3 + 3*c**2 + 37*c - 26. Let i(w) = -14*w**3 - w**2 - 13*w + 9. Let v(a) = 2*h(a) + 7*i(a). Is v(-9) composite?
True
Let c = -3 - 0. Let v = -2284 + 2289. Is c - ((v - 9) + -2252) composite?
True
Let u(y) = 9*y**2 + 10*y + 1712. Is u(-55) composite?
False
Let l(n) be the third derivative of -8887*n**6/120 - n**5/30 - 15*n**2. Is l(-1) a composite number?
True
Let j(h) = -5*h**3 - 7*h**2 - 21*h - 11. Let s be j(-10). Suppose -4*k + 5*v + 18040 = 2*v, 0 = k + 2*v - s. Is k a composite number?
False
Let c(p) = -2*p - 3. Let h be c(-4). Let q = 1920 + -1654. Suppose -h*w + 3*w + q = 0. Is w prime?
False
Is ((-102030)/36 + 7)/((-1)/6) a composite number?
False
Let j = 85985 + 112476. Is j a composite number?
False
Let y = 279 + -274. Suppose -3*l + 2419 = 5*q, 0 = -3*l + 4*l - y*q - 793. Is l a composite number?
True
Let b = 73 + -29. Suppose 38*q + 4722 = b*q. Is q a prime number?
True
Let g = 29 - -6. Suppose -g = -8*a + a. Suppose 1734 - 39 = a*b - 5*l, -2*l = -5*b + 1689. Is b a prime number?
True
Suppose 5*s = 10 + 15. Let w be 1387*5 + -14 + 22. Suppose -s*b + w = 648. Is b prime?
True
Let j be (6 + -7)*1*4/(-2). Suppose -j*f - 2*p - 4184 = -0*f, 5*f - 3*p = -10452. Let n = f - -5444. Is n a composite number?
True
Let n(f) = 472*f - 941. Is n(84) composite?
False
Let d(n) = -n**3 + 19